1. Calculate l(a).
2
Let x(z) = 2*z**2 + 2*z - 3. Let w = 76 - 74. Calculate x(w).
9
Let v(s) = 3*s. Let u(h) = -h - 8. Suppose -p - 3 = 2*w, -2*p + 0*w - 2*w - 12 = 0. Let j be u(p). Give v(j).
3
Let d(i) = 7*i + 32 - 31 - 2*i - i**2. Give d(6).
-5
Let x be 1/(-1 + (-12)/(-8)). Let y(v) = v**2 - 3*v**2 - v**2 + v + 2*v**2 + x. What is y(0)?
2
Let f(n) = -n**2 + 14*n + 35. Let d be f(16). Let w(u) = 4*u**2 + 2*u - 3. Let j(g) = -9*g**2 - 4*g + 6. Let a(r) = -3*j(r) - 7*w(r). Determine a(d).
-12
Let z be -6 - -7 - -3*1*1. Suppose 0*k = -k + 7. Let o(u) = 2*u + 5. Let i(h) = -h - 3. Let n(q) = k*i(q) + z*o(q). Calculate n(1).
0
Suppose 0*n - 6 = -n + h, -h = n - 2. Let p(c) = 0 + n*c - 2*c - c - 3. Give p(3).
0
Let i(x) = -x**2 - 3*x + 2. Let t(v) = v**2 - v. Let m be t(1). Let q be m/(-1 - -3) + 2. Let d be 5/(-2)*(q - 0). Calculate i(d).
-8
Let k = 6 + -3. Let n(s) be the second derivative of s**3/3 - s**2 - 7*s. What is n(k)?
4
Let k(l) = -l**3 - 2*l**2 + 8*l + 8. Let p(z) = -z**3 - 2*z**2 + 7*z + 7. Let q(o) = 5*k(o) - 6*p(o). Determine q(2).
10
Let v(b) = -9*b**2. Suppose -6*d + d = 0. Let u = 20 - 17. Suppose u + d = 3*i. Determine v(i).
-9
Let v = 25 + -13. Suppose 0*z + 3*j = z - 22, j + v = z. Let y(a) = a - 2. What is y(z)?
5
Let s(a) be the second derivative of a**3/2 + 3*a**2 + 8*a + 4. Determine s(-5).
-9
Let g(j) = -j**2 - 10*j + 1. Let l(d) = d - 1. Let v(h) = g(h) + 6*l(h). Calculate v(-4).
-5
Let b = 13 - 8. Let d(u) = -3*u**2 + 5*u - 8. Suppose 0 = -3*q + 5*q + 4. Let m(c) = c**2 + 1. Let k(a) = q*m(a) - d(a). Calculate k(b).
6
Let z(a) be the third derivative of a**5/60 + 5*a**4/24 + a**3/6 + 24*a**2. What is z(-4)?
-3
Let b(k) be the third derivative of -k**4/24 + 2*k**2. Let m be b(-1). Let w(l) = -6*l + 2*l**3 + l**3 + m + 4*l + l**2. Give w(1).
3
Let d(o) = -o**2 + 4*o**2 + 6*o - 6 - 4*o**2. Let i = 5 - 3. Suppose -i*x = -0*x - 8. What is d(x)?
2
Let a(t) = -2*t. Let k be (-4)/(-8) + 19/(-2). Let h(c) be the third derivative of -c**5/60 - 3*c**4/8 - c**3/2 + c**2. Let w be h(k). Calculate a(w).
6
Let c = 1 - -4. Let f(d) be the first derivative of -1 + 1 - 5*d + d**2 + 0 + 1. Determine f(c).
5
Let k(y) = 6 - 4*y + 3*y - 1 + 4. Determine k(8).
1
Let b(z) = z**2 - 4*z + 2. Let m be b(3). Let p(w) be the first derivative of 1/2*w**2 + 3/2*w**4 + 0*w + 2/3*w**3 + 1. Determine p(m).
-5
Let a(r) = 3 - 2 - 13*r + 12*r - 3. Suppose -3*w - 2*w + 20 = 0. Calculate a(w).
-6
Let z(k) = 3*k**3 + 3*k**2 - 3*k + 9. Let j(i) = 5*i**3 + 5*i**2 - 5*i + 18. Let d(f) = 4*j(f) - 7*z(f). Suppose 6 = t - 2*p, -2*p - 9 = -2*t + p. Give d(t).
9
Let t be (2/(-4))/(1/6). Let q(g) = -g**3 - 3*g**2 - 3. What is q(t)?
-3
Let z(a) = -7*a**2 - 2*a - 4. Let x(f) = 8*f**2 + 2*f + 5. Let s(w) = -3*x(w) - 4*z(w). What is s(-1)?
3
Let q(g) = g - 14. Let t be (-4)/18 - (-448)/72. Determine q(t).
-8
Let s = -23 + 14. Let y = -5 - s. Let x(i) = -28 + 0*i + i + 30. What is x(y)?
6
Let z(k) be the second derivative of -k**3/6 + k**2/2 + 4*k. Let w be z(-4). Suppose q - 16 = -3*q + w*n, -3*n = q + 13. Let v(t) = -6*t + 1. Determine v(q).
7
Let t = 11 + -7. Suppose 9*i = t*i. Let n(h) = h**2 + h + 2. Give n(i).
2
Let r(l) = -6*l**3. Let v be (3/(-3 + 0))/(-2 + 3). Determine r(v).
6
Suppose 7 = -3*u + 2*f, -2*u - 6*f + 6 = -2*f. Let m be u/(1/(-2) - 0). Let v(w) = 3*w**3 - 4*w - 2*w**m - w**2 - 2*w**3. Give v(4).
0
Suppose 7*s - 4*s + 12 = 0. Let n(b) = 6 - b**2 + 7*b**2 - 2*b + b**3 + 9*b. Give n(s).
10
Let v(u) be the second derivative of -u**3/6 - u**2/2 + u. Let h be ((-9)/(-6))/(2/(-4)). Let m(x) = 2*x - 5. Let f(c) = h*v(c) - m(c). Determine f(-6).
2
Let w be 2/5 - (-4)/(-10). Let q = 47 + -44. Let m(h) = -q*h + 5*h**2 - h**2 - h**3 + h + w*h**2 + 3. Determine m(4).
-5
Let w(l) be the first derivative of 3*l**2/2 - 2*l - 14. Give w(4).
10
Let s(o) be the second derivative of -o**8/6720 + o**7/2520 - o**5/30 - o**4/12 + o. Let j(w) be the third derivative of s(w). Determine j(0).
-4
Let i(m) = -9*m**3 + 2*m**2 + 2*m. Let b(u) = -4*u**3 + u**2 + u. Let s(y) = 7*b(y) - 3*i(y). Give s(2).
-2
Let x(m) = -m + 9. Let d be x(4). Let h = -1 + d. Let r(p) = 17*p - 9. Let j(k) = 5*k - 1. Let t(v) = 3*j(v) - r(v). Determine t(h).
-2
Let i(s) = s**3 - 5*s**2 - s + 6. Let m be i(5). Suppose 5*w - 2 - 28 = 0. Let a(u) = -u**2 + m - u - 3 + w*u. Give a(5).
-2
Let k(d) = d - 2. Let a(v) = -2*v**2 + 3*v + 1. Let s be a(3). Let i = s + 14. Calculate k(i).
4
Let z = -17 - -11. Let t(b) = b + 5. Determine t(z).
-1
Let g(i) = i - 2. Let x(w) = 3*w - 4. Suppose 0 = -2*k + 3*k - 30. Suppose -2*c + k = c. Let o(p) = c*g(p) - 4*x(p). Calculate o(-4).
4
Let t(c) be the first derivative of c**2/2 - c - 7. Calculate t(-4).
-5
Let a(o) = -13*o - 1. Suppose 0 = -2*i + 2. Calculate a(i).
-14
Suppose -2*y - 25 = 3*y. Let k(c) = -c**2 - 7*c + 0*c + 2 + 2*c. Calculate k(y).
2
Let m(f) = -2*f**2 + 2*f + 3 - 7 + f + 2*f. Determine m(3).
-7
Let u(a) = -a + 7. Let y(p) = -p**3 - 4*p**2 + 5*p. Let f be y(-5). Let o = f + 3. Calculate u(o).
4
Let f(s) = s**3 - 10*s**2 + 8*s + 12. Let o = -28 - -37. Determine f(o).
3
Let f = 2 + 1. Suppose -f*j - 1 + 13 = 0. Let p(a) = -j*a + 1 - 6*a + 4*a + 4*a. What is p(4)?
-7
Let s = -4 + 6. Let c(a) = a**2 - 3*a + 2. What is c(s)?
0
Let t(a) = -a**3 + 2*a**2 + 2*a - 1. Let v be (-8 + 6)*(-3)/2. What is t(v)?
-4
Let k(q) = -q**2 + 13*q - 7. Let m be k(12). Let u(s) be the first derivative of -m*s + 2 + 1/3*s**3 + s**2. Calculate u(-4).
3
Let k(y) = y**3 - y**2 - 3. Suppose 6*g = 8*g. Determine k(g).
-3
Suppose 5*y = r + 3*y + 4, -4 = -2*y. Let t(o) = 2 + r*o + 2 - 2 + o**2 - 2*o. Let l(i) = i**2 + 5*i - 3. Let x be l(-6). Calculate t(x).
5
Suppose -24 = -4*z + 8*z. Let p(s) be the first derivative of -s**2/2 - 13*s - 1. What is p(z)?
-7
Let c(j) = -2*j**2 + 6*j - 2. Let h(q) = -5*q**2 + 17*q - 7. Let d(s) = 8*c(s) - 3*h(s). What is d(-5)?
-5
Let u = 6 - 2. Let r be ((-6)/10)/(6/(-60)). Let g(k) = -k**3 - k**2 + k - 1. Let m(q) = 7*q**3 + 2*q**2 - 4*q + 1. Let y(v) = r*g(v) + m(v). What is y(u)?
3
Let k(l) be the third derivative of -l**8/672 + l**6/720 + l**4/8 - 5*l**2. Let q(v) be the second derivative of k(v). Calculate q(1).
-9
Let u(x) be the first derivative of -6*x + 1/3*x**3 - x**2 - 2. What is u(5)?
9
Let a(k) = k**3 - 6 - 42*k + k**3 - 3*k**3 + 9*k**2 + 34*k. Give a(8).
-6
Let c(h) be the third derivative of -h**5/60 + 3*h**4/4 - 10*h**3/3 + 27*h**2. Give c(17).
-3
Let h(q) = 10*q + 3 + 0 - 6*q - q**3 + 4*q**2. Give h(5).
-2
Let p(o) = -9*o + 1. Let s(z) = 2*z - 11. Let c be s(6). Give p(c).
-8
Let c(s) be the third derivative of s**5/60 + s**4/4 - 5*s**3/3 - 12*s**2. Give c(-8).
6
Let p(w) = w**3 - 8*w**3 + 28 - 28 + w. Give p(-1).
6
Let b(k) = -2*k + 4. Let z = -5 + 4. Let d be 4 + z + (0 - -2). Calculate b(d).
-6
Let k(q) = -q**2 - 4*q - 4. Let f be k(-3). Let p be f/(-3) - (-2)/3. Suppose -p = u - 4. Let n(a) = a**2 - 3*a - 2. Give n(u).
-2
Let v(p) = -10*p - 1. Let n(r) = 8*r. Let b be n(-1). Let l = -7 - b. Calculate v(l).
-11
Let a(w) be the third derivative of 0*w - 1/12*w**4 + 3/2*w**3 + 0 - 5*w**2. Determine a(6).
-3
Let l(u) be the third derivative of u**5/60 - u**4/8 + 2*u**3/3 + u**2. Calculate l(4).
8
Let v = 45/2 - 22. Let d(r) be the first derivative of 5*r + 2 + v*r**2. What is d(-4)?
1
Suppose i + 3 - 4 = -3*o, 0 = 4*i + 20. Suppose -3*p - o*p = 5. Let x(c) = 6*c - 1. Calculate x(p).
-7
Let u(z) = z**2 - 5*z - 1. Let x = -3 - 6. Let h = -7 - x. Suppose -h*i - 30 = -7*i. What is u(i)?
5
Let d(b) = b**3 - 4*b**2 - 3*b - 2. Let a be (-120)/(-8)*2/6. Give d(a).
8
Let k = 5 - 5. Suppose -2*w = -k*w. Let m(x) = -x**2 + x - 3. Calculate m(w).
-3
Suppose -13 + 5 = -4*w. Let f(x) = -3*x + 0*x**w + 2*x**2 - 2*x**2 + x**3 + 2*x**2. What is f(2)?
10
Let q = -3 - -8. Let o(a) = a**3 + a**2 + 1. Let z(x) be the third derivative of x**6/40 - x**5/20 + x**3 - x**2. Let r(u) = 2*o(u) - z(u). What is r(q)?
-4
Let y(z) = 3*z + 4 + 0*z + 1. Suppose 4*d = 10*d - 36. Suppose 0 = 4*o - 3*n + 10, 0*n - d = 3*n. Determine y(o).
-7
Let a(d) = -1. Let x(v) = v - 8. Let g(l) = 5*a(l) - x(l). What is g(3)?
0
Let z(n) be the third derivative of n**7/840 - 7*n**4/24 + 8*n**2. Let t(g) be the second derivative of z(g). What is t(-1)?
3
Let w(s) = -2*s**2 - 7*s - 4